{"id":25,"date":"2015-03-08T19:35:26","date_gmt":"2015-03-08T19:35:26","guid":{"rendered":"http:\/\/www.kusterweb.ch\/modellbau\/?page_id=25"},"modified":"2015-11-15T19:40:35","modified_gmt":"2015-11-15T19:40:35","slug":"lok-vergolden","status":"publish","type":"page","link":"https:\/\/www.kusterweb.ch\/modellbau\/projekte\/lok-vergolden\/","title":{"rendered":"Lok vergolden"},"content":{"rendered":"<p>In unserem Chemie Praktika haben wir die Aufgabe einen Gegenstand zu vergolden.<\/p>\n<p>Dabei kam mir die Idee, eine Lokomotive RE 460 zu vergolden. Dazu habe ich ein komplettes Geh\u00e4use ersteigert und alle Kleinteile wie Lichter, F\u00fchrerstand, Stromabnehmer entfernt.<\/p>\n<h3><span style=\"text-decoration: underline;\">Reinigung<\/span><\/h3>\n<p>Um die gesamte Lokomotive zu reinigen, wurde sie \u00fcber Nacht in ein Nitro-Verd\u00fcnner-Bad eingelegt. Zu beachten ist, dass ALLE Kunststoffteile zuvor entfernt werden. Besonders die Dachabdeckungen um den Stromabnehmer. Bei mir ging leider einer vergessen \ud83d\ude41 Denn muss ich jetzt wohl nachbauen.<\/p>\n<p>Nach mehrfachen Reinigungsdurchl\u00e4ufen wurde das Geh\u00e4use zuletzt noch im Ultraschallbad gereinigt. Da unser Bad etwas zu klein ist konnte es nur teilweise so gereinigt werden.<\/p>\n<p>&nbsp;<\/p>\n<p>So sah das Geh\u00e4use nach allen Reinigungsarbeiten nun aus.<\/p>\n<p><a href=\"https:\/\/www.kusterweb.ch\/modellbau\/wp-content\/uploads\/2015\/11\/2_Lok-gereinigt_004.jpg\"><img loading=\"lazy\" decoding=\"async\" class=\"alignnone size-medium wp-image-110\" src=\"https:\/\/www.kusterweb.ch\/modellbau\/wp-content\/uploads\/2015\/11\/2_Lok-gereinigt_004-300x225.jpg\" alt=\"2_Lok gereinigt_004\" width=\"300\" height=\"225\" srcset=\"https:\/\/www.kusterweb.ch\/modellbau\/wp-content\/uploads\/2015\/11\/2_Lok-gereinigt_004-300x225.jpg 300w, https:\/\/www.kusterweb.ch\/modellbau\/wp-content\/uploads\/2015\/11\/2_Lok-gereinigt_004-1024x768.jpg 1024w, https:\/\/www.kusterweb.ch\/modellbau\/wp-content\/uploads\/2015\/11\/2_Lok-gereinigt_004-174x131.jpg 174w, https:\/\/www.kusterweb.ch\/modellbau\/wp-content\/uploads\/2015\/11\/2_Lok-gereinigt_004-70x53.jpg 70w\" sizes=\"(max-width: 300px) 100vw, 300px\" \/><\/a><\/p>\n<p>Die Lokomotive wurde im Chemie-Praktikum nochmals gereinigt und durchlief dann die verschiedenen Schritte des Vergoldens.<\/p>\n<h3><span style=\"text-decoration: underline;\">Vergolden<\/span><\/h3>\n<p>Die B\u00e4der waren leider nicht f\u00fcr solch grosse Gegenst\u00e4nde ausgelegt und dadurch konnten die Berechneten werde f\u00fcr Strom, Spannung und Zeit nicht erreicht werden.<\/p>\n<p>Die Zeiten in den einzelnen B\u00e4dern musste demnach mit PI mal Daumen abgesch\u00e4tzt werden.<\/p>\n<p><a href=\"https:\/\/www.kusterweb.ch\/modellbau\/wp-content\/uploads\/2015\/11\/3_vergoldet_003.jpg\"><img loading=\"lazy\" decoding=\"async\" class=\"alignnone size-medium wp-image-111\" src=\"https:\/\/www.kusterweb.ch\/modellbau\/wp-content\/uploads\/2015\/11\/3_vergoldet_003-300x225.jpg\" alt=\"3_vergoldet_003\" width=\"300\" height=\"225\" srcset=\"https:\/\/www.kusterweb.ch\/modellbau\/wp-content\/uploads\/2015\/11\/3_vergoldet_003-300x225.jpg 300w, https:\/\/www.kusterweb.ch\/modellbau\/wp-content\/uploads\/2015\/11\/3_vergoldet_003-1024x768.jpg 1024w, https:\/\/www.kusterweb.ch\/modellbau\/wp-content\/uploads\/2015\/11\/3_vergoldet_003-174x131.jpg 174w, https:\/\/www.kusterweb.ch\/modellbau\/wp-content\/uploads\/2015\/11\/3_vergoldet_003-70x53.jpg 70w\" sizes=\"(max-width: 300px) 100vw, 300px\" \/><\/a><\/p>\n<h3><span style=\"text-decoration: underline;\">Farbe<\/span><\/h3>\n<p>Herausgekommen ist ein goldiges Geh\u00e4use \ud83d\ude42 Jetzt sieht die Lokomotive noch kahl aus. Nachgeholten mit etwas Farbe entsteht ein einzigartiges Exemplar.<\/p>\n<p><a href=\"https:\/\/www.kusterweb.ch\/modellbau\/wp-content\/uploads\/2015\/11\/5_Fertig_009.jpg\"><img loading=\"lazy\" decoding=\"async\" class=\"alignnone size-medium wp-image-113\" src=\"https:\/\/www.kusterweb.ch\/modellbau\/wp-content\/uploads\/2015\/11\/5_Fertig_009-300x225.jpg\" alt=\"5_Fertig_009\" width=\"300\" height=\"225\" srcset=\"https:\/\/www.kusterweb.ch\/modellbau\/wp-content\/uploads\/2015\/11\/5_Fertig_009-300x225.jpg 300w, https:\/\/www.kusterweb.ch\/modellbau\/wp-content\/uploads\/2015\/11\/5_Fertig_009-1024x768.jpg 1024w, https:\/\/www.kusterweb.ch\/modellbau\/wp-content\/uploads\/2015\/11\/5_Fertig_009-174x131.jpg 174w, https:\/\/www.kusterweb.ch\/modellbau\/wp-content\/uploads\/2015\/11\/5_Fertig_009-70x53.jpg 70w\" sizes=\"(max-width: 300px) 100vw, 300px\" \/><\/a> <a href=\"https:\/\/www.kusterweb.ch\/modellbau\/wp-content\/uploads\/2015\/11\/5_Fertig_001.jpg\"><img loading=\"lazy\" decoding=\"async\" class=\"alignnone size-medium wp-image-112\" src=\"https:\/\/www.kusterweb.ch\/modellbau\/wp-content\/uploads\/2015\/11\/5_Fertig_001-300x225.jpg\" alt=\"5_Fertig_001\" width=\"300\" height=\"225\" srcset=\"https:\/\/www.kusterweb.ch\/modellbau\/wp-content\/uploads\/2015\/11\/5_Fertig_001-300x225.jpg 300w, https:\/\/www.kusterweb.ch\/modellbau\/wp-content\/uploads\/2015\/11\/5_Fertig_001-1024x768.jpg 1024w, https:\/\/www.kusterweb.ch\/modellbau\/wp-content\/uploads\/2015\/11\/5_Fertig_001-174x131.jpg 174w, https:\/\/www.kusterweb.ch\/modellbau\/wp-content\/uploads\/2015\/11\/5_Fertig_001-70x53.jpg 70w\" sizes=\"(max-width: 300px) 100vw, 300px\" \/><\/a><\/p>\n","protected":false},"excerpt":{"rendered":"<div class=\"mh-excerpt\"><p>In unserem Chemie Praktika haben wir die Aufgabe einen Gegenstand zu vergolden. Dabei kam mir die Idee, eine Lokomotive RE 460 zu vergolden. Dazu habe <a class=\"mh-excerpt-more\" href=\"https:\/\/www.kusterweb.ch\/modellbau\/projekte\/lok-vergolden\/\" title=\"Lok vergolden\">[&#8230;]<\/a><\/p>\n<\/div>","protected":false},"author":1,"featured_media":0,"parent":17,"menu_order":2,"comment_status":"open","ping_status":"closed","template":"","meta":{"footnotes":""},"_links":{"self":[{"href":"https:\/\/www.kusterweb.ch\/modellbau\/wp-json\/wp\/v2\/pages\/25"}],"collection":[{"href":"https:\/\/www.kusterweb.ch\/modellbau\/wp-json\/wp\/v2\/pages"}],"about":[{"href":"https:\/\/www.kusterweb.ch\/modellbau\/wp-json\/wp\/v2\/types\/page"}],"author":[{"embeddable":true,"href":"https:\/\/www.kusterweb.ch\/modellbau\/wp-json\/wp\/v2\/users\/1"}],"replies":[{"embeddable":true,"href":"https:\/\/www.kusterweb.ch\/modellbau\/wp-json\/wp\/v2\/comments?post=25"}],"version-history":[{"count":5,"href":"https:\/\/www.kusterweb.ch\/modellbau\/wp-json\/wp\/v2\/pages\/25\/revisions"}],"predecessor-version":[{"id":115,"href":"https:\/\/www.kusterweb.ch\/modellbau\/wp-json\/wp\/v2\/pages\/25\/revisions\/115"}],"up":[{"embeddable":true,"href":"https:\/\/www.kusterweb.ch\/modellbau\/wp-json\/wp\/v2\/pages\/17"}],"wp:attachment":[{"href":"https:\/\/www.kusterweb.ch\/modellbau\/wp-json\/wp\/v2\/media?parent=25"}],"curies":[{"name":"wp","href":"https:\/\/api.w.org\/{rel}","templated":true}]}}